hat is 1010 - -1010111011100110?
1010111011110000
In base 8, what is -5300231 + -3?
-5300234
In base 6, what is 1403342 + 2?
1403344
In base 12, what is 13 + -8ab0?
-8a99
In base 5, what is 113 - 404334?
-404221
In base 7, what is 152 - -46?
231
In base 14, what is -2a8 - c9?
-393
In base 6, what is 34350 + -44?
34302
In base 8, what is -250734 + -12?
-250746
In base 16, what is -27340 + 13?
-2732d
In base 15, what is 1c95 - 4?
1c91
In base 13, what is -4c16 + 4?
-4c12
In base 10, what is -3 + 11941?
11938
In base 5, what is -1 + -103222?
-103223
In base 9, what is 778 - -18?
807
In base 11, what is -730802 - 0?
-730802
In base 4, what is -13231213 + 3?
-13231210
In base 6, what is -512254024 - 0?
-512254024
In base 4, what is -113212112 - -3?
-113212103
In base 3, what is -101 - 120122010?
-120122111
In base 14, what is 26 + 3d3c?
3d64
In base 6, what is 2 + -24503?
-24501
In base 15, what is -312b4 - -2?
-312b2
In base 9, what is 2 - 280055?
-280053
In base 8, what is -5 + 6034?
6027
In base 7, what is -44606 - -2?
-44604
In base 8, what is 1 - 11313?
-11312
In base 7, what is -63661 - -2?
-63656
In base 14, what is 1 - 522d7?
-522d6
In base 13, what is -297c + 6?
-2976
In base 6, what is -1342204 - -2?
-1342202
In base 4, what is -302211102 - -12?
-302211030
In base 10, what is 22665 + -5?
22660
In base 5, what is 0 - 34442?
-34442
In base 2, what is 1110001011 + 10011?
1110011110
In base 5, what is 10202404 - 0?
10202404
In base 2, what is 111 + 111110111011?
111111000010
In base 11, what is 411 - -3427?
3838
In base 3, what is 0 + -102002020?
-102002020
In base 9, what is -3501 + -17?
-3518
In base 4, what is -2010002202 - -1?
-2010002201
In base 14, what is 2aa18 + 2?
2aa1a
In base 8, what is 5 + 32533?
32540
In base 3, what is 101122000011 + -1?
101122000010
In base 9, what is 3 + -1353655?
-1353652
In base 10, what is -44792 + 10?
-44782
In base 6, what is 32 + 155530?
200002
In base 13, what is 0 + 361?
361
In base 15, what is -1 - -15db6?
15db5
In base 15, what is 5 - 3e72?
-3e6c
In base 6, what is -1552 + 134?
-1414
In base 11, what is -3 - 15547?
-1554a
In base 10, what is -1 - -11763?
11762
In base 6, what is -2012 + 43441?
41425
In base 16, what is -48ff + 5?
-48fa
In base 11, what is 1281a2 - 2?
1281a0
In base 9, what is 64 - -2246?
2321
In base 16, what is 3 - aabbe?
-aabbb
In base 10, what is 21939 + 97?
22036
In base 3, what is -2102112000011 - 10?
-2102112000021
In base 2, what is -101001100000 + -100011?
-101010000011
In base 15, what is -14d5 - -2?
-14d3
In base 7, what is -54064 - -105?
-53656
In base 16, what is 4710 + -9c?
4674
In base 10, what is 16037 + 0?
16037
In base 10, what is 31508 - -21?
31529
In base 7, what is 6 + -25566?
-25560
In base 7, what is 1241333 - -3?
1241336
In base 12, what is -4010 - b5?
-4105
In base 15, what is 4 - 15b51?
-15b4c
In base 13, what is -3 - -80c8b?
80c88
In base 12, what is -b22 + -932?
-1854
In base 12, what is -80 + -56?
-116
In base 12, what is 5 + 999?
9a2
In base 2, what is 11100010001011011 - -101011?
11100010010000110
In base 4, what is -1223201100 + 11?
-1223201023
In base 8, what is -124 + 54325?
54201
In base 11, what is -1a624 + 10?
-1a614
In base 12, what is 176a4 - -6?
176aa
In base 8, what is -3 - 16636?
-16641
In base 12, what is -b59 - 11?
-b6a
In base 8, what is -1051 + -3550?
-4621
In base 14, what is 3ca + -a99?
-6ad
In base 7, what is 21 - -16562?
16613
In base 9, what is -5423165 - -5?
-5423160
In base 3, what is -1 + -2121021?
-2121022
In base 9, what is 4 + -23567?
-23563
In base 11, what is -626 - 45?
-670
In base 13, what is c9 + -bb?
b
In base 3, what is 201022 + -10?
201012
In base 10, what is -53 + -17320?
-17373
In base 8, what is 23 - -16551?
16574
In base 10, what is -852 + -69?
-921
In base 5, what is 220 - -4104002?
4104222
In base 14, what is -26d39 - 1?
-26d3a
In base 8, what is -10313 + 1114?
-7177
In base 11, what is -4 + -8335?
-8339
In base 6, what is 54 - -1213?
1311
In base 5, what is -140 + 10131?
4441
In base 9, what is 434615 + -6?
434608
In base 9, what is -28 + 78568?
78540
In base 7, what is 4 + 21525?
21532
In base 9, what is 421674 - -3?
421677
In base 4, what is -10203 + 23?
-10120
In base 5, what is -233222 + 1322?
-231400
In base 3, what is 212210 + -11001?
201202
In base 14, what is -23787 + 4?
-23783
In base 4, what is 1223 + -23222?
-21333
In base 10, what is 85 + -517?
-432
In base 7, what is 6016 + 30?
6046
In base 14, what is -4 + 41b3?
41ad
In base 2, what is 1000110 - -111110010?
1000111000
In base 16, what is 31c8 - -1?
31c9
In base 12, what is -2 + -168007?
-168009
In base 8, what is -57 - -50126?
50047
In base 8, what is 17 - 13453?
-13434
In base 14, what is 7b - -6c5?
762
In base 3, what is -10122 + -111001?
-121200
In base 7, what is -14 + -5132?
-5146
In base 10, what is 468 + 704?
1172
In base 4, what is -1201 - -1023220?
1022013
In base 7, what is 143 - -12155?
12331
In base 5, what is -402122 - -1123?
-400444
In base 2, what is 101010011 - -100010?
101110101
In base 10, what is -282 + -3525?
-3807
In base 4, what is -20 + 10330?
10310
In base 8, what is -37005 - -24?
-36761
In base 2, what is -1100 - 100101010001?
-100101011101
In base 13, what is 9b4 + -293?
721
In base 15, what is 1d2 + 1178?
135a
In base 7, what is -25356643 - 0?
-25356643
In base 10, what is -23 - 2462?
-2485
In base 6, what is 1024420 + 0?
1024420
In base 10, what is 24 - -39196?
39220
In base 6, what is -11400 + -30?
-11430
In base 9, what is 12221 - 26?
12184
In base 3, what is 10010021101 - -11?
10010021112
In base 14, what is -4837 + -54?
-488b
In base 6, what is -20351 + 111?
-20240
In base 15, what is 1c - -11e5?
1212
In base 5, what is 3420 - 1420?
2000
In base 15, what is -d850 - -3?
-d84c
In base 10, what is 2086690 - 4?
2086686
In base 4, what is -3131023 - -133?
-3130230
In base 9, what is -7038 + -166?
-7215
In base 11, what is 2a7 + -17?
290
In base 13, what is 26464 - 7?
2645a
In base 4, what is 221232 + -2023?
213203
In base 11, what is -19975 - -2?
-19973
In base 14, what is 5 + -147b?
-1476
In base 10, what is 94 + 72?
166
In base 7, what is 43243 - 4?
43236
In base 4, what is 3 + -120110132?
-120110123
In base 14, what is 4 - -8ca76?
8ca7a
In base 10, what is -186 - -111?
-75
In base 6, what is 440 - -12423?
13303
In base 10, what is 20 + -4497?
-4477
In base 14, what is -2 + 1a50?
1a4c
In base 10, what is -1310 + -1?
-1311
In base 3, what is 221 + 112011001?
112011222
In base 10, what is -3 - 113?
-116
In base 5, what is 1 + -212330?
-212324
In base 2, what is 11 + -101010000000?
-101001111101
In base 2, what is -10010010101 + -1010010000?
-11100100101
In base 6, what is 2425415 - -4?
2425423
In base 10, what is 2979 + 33?
3012
In base 6, what is 1 + -104511?
-104510
In base 9, what is -10381 + 14?
-10366
In base 3, what is 21022212 + -11?
21022201
In base 7, what is -51 - 155161?
-155242
In base 6, what is -1 - 20525231?
-20525232
In base 4, what is 30233 + 200?
31033
In base 8, what is -3 - -354267?
354264
In base 8, what is 7043 + -7?
7034
In base 15, what is -1 - 3cd?
-3ce
In base 4, what is -1 + -330110000?
-330110001
In base 8, what is 274551 - -17?
274570
In base 15, what is 5 - 39904?
-398ee
In base 12, what is 39 - 409b?
-4062
In base 7, what is 216 + 1124?
1343
In base 10, what is 169 + -1201?
-1032
In base 6, what is -2305304 - 12?
-2305320
In base 9, what is 3066 - 84?
2872
In base 8, what is 16363 - 6?
16355
In base 12, what is 79792 + -19?
79775
In base 4, what is 320130 - -1030?
321220
In base 2, what is 101000111110001 + -10?
101000111101111
In base 7, what is 322 - 35651?
-35326
In base 6, what is -2 + -145233?
-145235
In base 2, what is 10110111010000111 + -1?
10110111010000110
In base 14, what is -3 + 3662?
365d
In base 11, what is 175 - 185?
-10
In base 4, what is -22203 + 112?
-22031
In base 14, what is -10b6b0 + -4?
-10b6b4
In base 9, what is 241 + 5?
246
In base 3, what is -201010 - 122112?
-1100122
In base 12, what is 503 - -2b2?
7b5
In base 6, what is 5 - 11250132?
-11250123
In base 15, what is 2a27c - -1?
2a27d
In base 2, what is 10011001001 - -1000000?
10100001001
In base 3, what is 211002 + 101?
211110
In base 12, what is 3 + -48b44?
-48b41
In base 7, what is 0 + -14512?
-14512
In base 3, w